is the remainder when 106 is divided by 22?
18
Calculate the remainder when 122 is divided by 22.
12
What is the remainder when 126 is divided by 69?
57
What is the remainder when 716 is divided by 48?
44
What is the remainder when 269 is divided by 16?
13
Calculate the remainder when 264 is divided by 89.
86
Calculate the remainder when 1745 is divided by 46.
43
Calculate the remainder when 70 is divided by 69.
1
What is the remainder when 46 is divided by 18?
10
Calculate the remainder when 50 is divided by 9.
5
Calculate the remainder when 11423 is divided by 32.
31
Calculate the remainder when 12671 is divided by 195.
191
Calculate the remainder when 223 is divided by 95.
33
Calculate the remainder when 58 is divided by 12.
10
What is the remainder when 57 is divided by 21?
15
Calculate the remainder when 53896 is divided by 13.
11
What is the remainder when 779 is divided by 207?
158
Calculate the remainder when 1722 is divided by 27.
21
Calculate the remainder when 55460 is divided by 11.
9
What is the remainder when 265 is divided by 91?
83
What is the remainder when 215 is divided by 72?
71
What is the remainder when 548 is divided by 154?
86
Calculate the remainder when 1402 is divided by 52.
50
Calculate the remainder when 28084 is divided by 93.
91
What is the remainder when 127 is divided by 35?
22
Calculate the remainder when 4177 is divided by 135.
127
Calculate the remainder when 623 is divided by 48.
47
Calculate the remainder when 309 is divided by 6.
3
What is the remainder when 322 is divided by 17?
16
Calculate the remainder when 397 is divided by 21.
19
What is the remainder when 98 is divided by 59?
39
Calculate the remainder when 383 is divided by 149.
85
Calculate the remainder when 266 is divided by 21.
14
Calculate the remainder when 272 is divided by 108.
56
What is the remainder when 272 is divided by 21?
20
What is the remainder when 179 is divided by 92?
87
Calculate the remainder when 203 is divided by 103.
100
Calculate the remainder when 39 is divided by 16.
7
What is the remainder when 842 is divided by 279?
5
What is the remainder when 89 is divided by 31?
27
What is the remainder when 2149 is divided by 2143?
6
What is the remainder when 898 is divided by 53?
50
Calculate the remainder when 134 is divided by 56.
22
What is the remainder when 49 is divided by 40?
9
Calculate the remainder when 1047 is divided by 50.
47
Calculate the remainder when 1682 is divided by 153.
152
Calculate the remainder when 590 is divided by 78.
44
What is the remainder when 910 is divided by 40?
30
Calculate the remainder when 449 is divided by 30.
29
What is the remainder when 221 is divided by 14?
11
What is the remainder when 348 is divided by 35?
33
What is the remainder when 244 is divided by 18?
10
What is the remainder when 341 is divided by 7?
5
What is the remainder when 223 is divided by 19?
14
Calculate the remainder when 229 is divided by 167.
62
Calculate the remainder when 1860 is divided by 81.
78
Calculate the remainder when 1215 is divided by 65.
45
Calculate the remainder when 1713 is divided by 311.
158
Calculate the remainder when 171 is divided by 56.
3
Calculate the remainder when 3134 is divided by 73.
68
What is the remainder when 288 is divided by 74?
66
Calculate the remainder when 838 is divided by 291.
256
What is the remainder when 27 is divided by 4?
3
Calculate the remainder when 483 is divided by 27.
24
Calculate the remainder when 75 is divided by 13.
10
Calculate the remainder when 289 is divided by 46.
13
What is the remainder when 2676 is divided by 141?
138
Calculate the remainder when 76 is divided by 43.
33
Calculate the remainder when 252 is divided by 64.
60
What is the remainder when 548 is divided by 269?
10
What is the remainder when 518 is divided by 13?
11
Calculate the remainder when 597 is divided by 117.
12
What is the remainder when 1586 is divided by 263?
8
Calculate the remainder when 7396 is divided by 10.
6
Calculate the remainder when 616 is divided by 115.
41
Calculate the remainder when 49 is divided by 9.
4
What is the remainder when 1740 is divided by 7?
4
Calculate the remainder when 1304 is divided by 1301.
3
Calculate the remainder when 206 is divided by 26.
24
What is the remainder when 981 is divided by 188?
41
What is the remainder when 2276 is divided by 84?
8
Calculate the remainder when 36 is divided by 8.
4
Calculate the remainder when 62 is divided by 19.
5
What is the remainder when 300 is divided by 19?
15
What is the remainder when 499 is divided by 57?
43
What is the remainder when 273 is divided by 96?
81
Calculate the remainder when 115 is divided by 40.
35
Calculate the remainder when 13277 is divided by 8.
5
What is the remainder when 290 is divided by 21?
17
What is the remainder when 278 is divided by 33?
14
What is the remainder when 1021 is divided by 152?
109
Calculate the remainder when 565 is divided by 154.
103
What is the remainder when 261 is divided by 33?
30
What is the remainder when 2717 is divided by 32?
29
What is the remainder when 206 is divided by 49?
10
What is the remainder when 176 is divided by 49?
29
What is the remainder when 292 is divided by 143?
6
Calculate the remainder when 5933 is divided by 36.
29
Calculate the remainder when 298 is divided by 270.
28
Calculate the remainder when 1164 is divided by 25.
14
What is the remainder when 2658 is divided by 15?
3
Calculate the remainder when 2587 is divided by 72.
67
Calculate the remainder when 419 is divided by 79.
24
What is the remainder when 210 is divided by 23?
3
What is the remainder when 2294 is divided by 100?
94
Calculate the remainder when 4068 is divided by 10.
8
Calculate the remainder when 1413 is divided by 674.
65
Calculate the remainder when 6230 is divided by 82.
80
Calculate the remainder when 61 is divided by 51.
10
Calculate the remainder when 179 is divided by 19.
8
What is the remainder when 205 is divided by 55?
40
What is the remainder when 3452 is divided by 1145?
17
What is the remainder when 135 is divided by 39?
18
Calculate the remainder when 94 is divided by 69.
25
Calculate the remainder when 568 is divided by 171.
55
Calculate the remainder when 2203 is divided by 10.
3
What is the remainder when 1597 is divided by 80?
77
What is the remainder when 306 is divided by 181?
125
Calculate the remainder when 119 is divided by 31.
26
Calculate the remainder when 53 is divided by 4.
1
What is the remainder when 1186 is divided by 394?
4
Calculate the remainder when 1141 is divided by 285.
1
Calculate the remainder when 626 is divided by 159.
149
What is the remainder when 631 is divided by 79?
78
Calculate the remainder when 810 is divided by 28.
26
Calculate the remainder when 6645 is divided by 6.
3
Calculate the remainder when 2049 is divided by 76.
73
What is the remainder when 719 is divided by 245?
229
What is the remainder when 29 is divided by 4?
1
Calculate the remainder when 15736 is divided by 17.
11
What is the remainder when 502 is divided by 169?
164
What is the remainder when 293 is divided by 88?
29
Calculate the remainder when 36 is divided by 8.
4
Calculate the remainder when 282 is divided by 32.
26
Calculate the remainder when 5458 is divided by 1361.
14
What is the remainder when 149 is divided by 18?
5
Calculate the remainder when 57 is divided by 12.
9
Calculate the remainder when 1059 is divided by 177.
174
What is the remainder when 2313 is divided by 26?
25
Calculate the remainder when 159 is divided by 2.
1
What is the remainder when 534 is divided by 260?
14
Calculate the remainder when 33 is divided by 24.
9
What is the remainder when 14843 is divided by 7417?
9
Calculate the remainder when 85 is divided by 62.
23
Calculate the remainder when 170 is divided by 46.
32
What is the remainder when 73 is divided by 24?
1
Calculate the remainder when 181 is divided by 33.
16
Calculate the remainder when 462 is divided by 67.
60
What is the remainder when 576 is divided by 47?
12
What is the remainder when 113 is divided by 57?
56
Calculate the remainder when 83 is divided by 25.
8
Calculate the remainder when 148 is divided by 62.
24
What is the remainder when 29 is divided by 6?
5
What is the remainder when 39 is divided b